ose -4 + v = 3*p + b, -5*b + 40 = 5*p. What are the prime factors of (-196)/(-16) - 1/p?
2, 3
Let s(n) = 2*n**3 - 7*n**2 - n + 6. List the prime factors of s(5).
2, 19
Suppose -5*p = -2*p. Suppose -y - 4*z + p = 16, 4*z = -20. What are the prime factors of y?
2
Let p = -115 - -178. What are the prime factors of p?
3, 7
Let d be (-10)/(-30) + (-104)/6. Let f = d - -32. List the prime factors of f.
3, 5
Let a be (-3 - -2) + 4 + 42. Let p = a - 9. Suppose 0 = -2*f - 2*f + p. List the prime factors of f.
3
Let i(t) be the second derivative of t**3/6 + 3*t. Let u be i(2). What are the prime factors of (105/6)/5*u?
7
Suppose -3*h - 5 = -2*l, -3*l = -2*h + 5*h. Let f = l + 1. Let o = f - -3. List the prime factors of o.
5
Let m(j) = j**2 + 9*j + 9. What are the prime factors of m(-10)?
19
Let l be (-19)/6 + 3/18. List the prime factors of l*(1 - (-132)/(-9)).
41
Suppose 5*f - 879 + 84 = 0. What are the prime factors of f?
3, 53
What are the prime factors of (295/2)/(-5)*-2?
59
Let s be ((-2 + 4 + -2)/(-2))/2. Let z(c) = 16 - 2*c + 0*c + 3*c. List the prime factors of z(s).
2
Let u(o) = o**3 - 12*o**2 + 16*o + 8. List the prime factors of u(11).
3, 7
Let l(h) be the third derivative of -h**4/24 + h**3/6 - h**2. Let u(b) = -6*b**2 - b + 1. Let d(i) = 2*l(i) - u(i). What are the prime factors of d(1)?
2, 3
Suppose -154 = -5*y + 16. Let m = 50 - y. What are the prime factors of m?
2
Suppose 5*w - 639 = -2*b, 0*w = -3*b + 5*w + 896. List the prime factors of b.
307
Let i = 60 - 32. List the prime factors of i.
2, 7
Let p = 9 - 6. Suppose l + 0*l = p. List the prime factors of l.
3
Let o(w) = 2*w**2 + 9*w + 4. Let p be o(-8). Suppose -5*z = -p - 75. What are the prime factors of z?
3
Suppose -j + 1 = -35. What are the prime factors of j?
2, 3
Let s be (-2 + 0)/(-2) - -5. Let c(q) = -3 + 10*q - q**2 + 4 - s. List the prime factors of c(8).
11
Suppose 0 = 4*t - t. Suppose o + t*o + 3*v - 25 = 0, 2*o - 5 = 3*v. List the prime factors of o.
2, 5
Let h be ((-25)/20)/((-2)/8). Suppose -3*w - 4*x - 1 - 9 = 0, h*w - 6 = -x. Suppose 0 = w*y - 4*y + 4. What are the prime factors of y?
2
Let c(d) = d**3 - 2*d**2 + d - 2. What are the prime factors of c(3)?
2, 5
Suppose 0 = -5*r - 1 + 6, -5*r - 90 = 5*l. Let x = -11 - l. Let u = -2 + x. List the prime factors of u.
2, 3
Let a(b) = -b + 10. Let d be a(15). Let n(c) = c**3 + 7*c**2 + 7. List the prime factors of n(d).
3, 19
Suppose -i + 308 = 3*i + 2*a, a - 4 = 0. List the prime factors of i.
3, 5
Let u(l) = 5*l**2 - 2*l. Let w be u(2). Let v be (12/w)/((-2)/(-8)). Suppose -v*i + 0*i = -2*j + 13, -18 = -4*j - 2*i. What are the prime factors of j?
5
Suppose 3*n + 29 = 2. What are the prime factors of 3*(-3)/n + 10?
11
Suppose -49*i + 10 = -44*i. What are the prime factors of i?
2
Let h = -173 + 290. What are the prime factors of h?
3, 13
Suppose 0 = 2*l + 2*l - 4*f, -l - 9 = 2*f. What are the prime factors of ((-1)/l)/(2/12)?
2
Let d = 740 - 425. What are the prime factors of d?
3, 5, 7
Let d(i) = -i**3 - 8*i**2 - 6*i - 19. Let p be d(-7). Let k(t) = -47*t. Let z be k(-1). Let n = p + z. List the prime factors of n.
3, 7
Suppose 2*k - 21 = -k. Let d(s) = 0*s - k + 2*s + 4*s - 3*s. What are the prime factors of d(8)?
17
Suppose 5*m - 3*m - 12 = 0. What are the prime factors of m?
2, 3
Let l(o) = -7 + o**3 + 0*o**2 - 2*o**2 - 3*o + 8*o**2 + 0*o**2. What are the prime factors of l(-6)?
11
Suppose -7*m + m = -72. What are the prime factors of m?
2, 3
Let t be ((-2)/1 - -3) + 0. Suppose 0 = -4*k + 3*m + 5, 0 = 5*k - 6*m + m. List the prime factors of t/k - 78/(-10).
2
Let t be (13 - 1)/(14/(-21)). Let c = -4 - t. List the prime factors of c.
2, 7
Let a(n) = n**3 - 5*n**2 - 4*n + 1. Let r be a(4). Let g = 47 + r. List the prime factors of g.
2
Let i = 3 + -2. Let z be (i/(-2))/((-1)/6). Suppose -5*l + 63 = z*p, -l - 46 = -5*l + 2*p. List the prime factors of l.
2, 3
Suppose -5*p + 23 + 37 = -o, 0 = p - 4*o - 31. Let v = p - 25. List the prime factors of 4/v - 255/(-35).
7
Suppose l - 50 = -3*s - 6, s - 4 = 5*l. What are the prime factors of 10/(-35) - (-200)/s?
2, 7
Let a = 8 + -3. Suppose -d = p - 3*p - 2, -22 = -a*d - 2*p. Suppose 2*q = d + 22. List the prime factors of q.
13
Suppose 2*g = -0*g + 34. What are the prime factors of g?
17
Suppose -4*g = -2*f - 134, -g + 4*f = f - 41. List the prime factors of g.
2
Let o = -69 + 107. What are the prime factors of o?
2, 19
Let h be 2/(-9) + (-20)/(-9). Let b = 0 + h. Suppose -4*m - 36 = -4*f, b*m = 2*f - m - 22. List the prime factors of f.
5
Suppose -5 = 2*x + 3*x. Let m = -3 - x. Let v(j) = 3*j**2 - 2*j - 3. List the prime factors of v(m).
13
List the prime factors of (-61)/(-7) - (-10)/35.
3
Suppose 5*a - 21 = -3*d, -4*d + 20 = a + 3*a. Suppose -6*u + 15 = -a*u. List the prime factors of u.
5
Let q be (0 + -2)*(-57)/6. Let o be 8 - ((-46)/(-14) + (-2)/7). Suppose -3*u = -4*h - q, -u - h = -o*h + 7. List the prime factors of u.
13
Let d(o) = -o. Let k be d(0). Suppose -3*r + k*r = -93. Suppose 5*y - r = -f, 2*y + y - 4*f = 14. List the prime factors of y.
2, 3
Suppose 4*h - 3*h + 3*w + 33 = 0, 2*w + 8 = 0. Let z = h + 9. Let t = z + 18. What are the prime factors of t?
2, 3
Let d = 17 + -7. Suppose 3*c + 2*f = 4, -c + 4*f = 2*c - d. What are the prime factors of c?
2
List the prime factors of 10/15 - (-110)/6.
19
Suppose 0 = t - 2 - 7. Suppose -4 = -2*l - 5*i + 11, -4*l = 3*i - t. Suppose -3*z + 17 + 10 = l. List the prime factors of z.
3
Suppose 2*l - 130 + 34 = -o, 0 = -3*o - l + 268. What are the prime factors of o?
2, 11
Suppose 3*w + 6 = -s, w = -s + 4 - 0. List the prime factors of s.
3
Let v = 338 - 219. List the prime factors of v.
7, 17
Let u be 1/(-4) + 287/28. Suppose 4*h + 5*v = 38 + 28, -h + 2*v = -u. List the prime factors of h.
2, 7
Let l be 0 + (-1 - (-1 - -18)). Let y be 2/6*l/(-2). Suppose -70 = -y*w - 2*w - 2*t, -3*w + 26 = -2*t. List the prime factors of w.
2, 3
Let x = 18 - 9. Let u(j) = j**2 - 5*j - 12. What are the prime factors of u(x)?
2, 3
Suppose 3*z - z + 2*s = 302, 3*s = z - 131. What are the prime factors of z?
2, 73
Let n(c) = 2*c**2 + 2*c - 2. Let x be n(-2). Let h be (x - 1)/(-2)*4. List the prime factors of h + (-3)/(-3) + 9.
2
Suppose i + 2*i = 0. Suppose 4*c - 2*u = 5*c - 23, -5*c + 3*u + 76 = i. Let n = -10 + c. List the prime factors of n.
7
Let y = -10 - -13. Suppose 2*a = -a. Suppose 51 = y*p - a*p. What are the prime factors of p?
17
Let b be -4 + 4 + (-1 - -3). Let y(f) be the third derivative of f**5/30 - f**4/12 - f**3/3 - f**2. List the prime factors of y(b).
2
Let s = -7 + 20. Suppose 5*n = s - 3. Let y(t) = t**2 + 2*t - 3. What are the prime factors of y(n)?
5
Let v = 10 - -5. List the prime factors of v.
3, 5
Suppose -4*l + 2*i = i - 72, 91 = 5*l - i. Suppose -4*d + 3*t + 98 = 0, -4*d - l = -5*d - 2*t. What are the prime factors of d?
23
Let g(w) be the third derivative of -w**4/24 + 5*w**3/6 - 4*w**2. Let d be g(-7). Suppose -3*s + d = -9. What are the prime factors of s?
7
Let j(h) = 71*h**2 + h + 1. What are the prime factors of j(1)?
73
Let o be (-58)/8 - 4/(-16). List the prime factors of (3 + -4 - o) + -1.
5
Suppose -3*a - 3*k + 198 = 0, -6 = -2*a - 5*k + 126. Suppose -r = -4*r - a. What are the prime factors of (r/4)/(1/(-2))?
11
Suppose -3*m - 197 = -7*m - 5*b, 3*m = 4*b + 109. List the prime factors of m.
43
Let j(m) = 5*m - 10. Let g be j(8). Suppose -5*z = -5*b + g, 4*b - 2 = -4*z + 6. List the prime factors of b.
2
Let w(z) = 2*z**2 - 14*z + 5. List the prime factors of w(9).
41
Let c be -2*(-5)/((-5)/(-4)). Let d = c + -2. Suppose 20 = 2*x - 4*s, x + 5*s = d*x - 30. List the prime factors of x.
2
Let q = -1 - 6. Let n(u) = u**2 + 6*u - 5. Let k be n(q). Let g = 5 - k. List the prime factors of g.
3
List the prime factors of -14*1/((-2)/3).
3, 7
Let u(w) = -6*w + 3. Let g be u(-4). Suppose 5*o = i + 9, 2*o = 4*i + 3*o - g. List the prime factors of i.
2, 3
Suppose -4*q - 3 - 1 = 3*s, s = 0. What are the prime factors of (q/(-2) + 1)*12?
2, 3
Suppose 3*z - 7*b - 74 = -3*b, 0 = 4*z + 4*b - 136. Let y = z - 17. What are the prime factors of y?
13
Suppose 2*g = -8 - 0, 4*g + 26 = x. Let o = 32 - x. What are the prime factors of o?
2, 11
Let v(o) = o**3 + 4*o**2 + o + 5. Let p be v(-4). Let g be (4 - 5) + 4/p. What are